{"id":471,"date":"2020-03-05T18:36:59","date_gmt":"2020-03-05T17:36:59","guid":{"rendered":"http:\/\/www.master-ingenieria-quimica.uma.es\/?page_id=471"},"modified":"2025-07-23T10:19:52","modified_gmt":"2025-07-23T08:19:52","slug":"fichas-de-las-asignaturas-del-miq","status":"publish","type":"page","link":"https:\/\/www.master-ingenieria-quimica.uma.es\/index.php\/fichas-de-las-asignaturas-del-miq\/","title":{"rendered":"Gu\u00edas de las Asignaturas"},"content":{"rendered":"\n<pre class=\"wp-block-preformatted\"><\/pre>\n\n\n\n<p class=\"has-vivid-red-color has-text-color has-link-color has-large-font-size wp-elements-c5c9295d8f7006aafce7c3d9557d566b\"><em><strong>Asignaturas Curso 2025-2026<\/strong><\/em><\/p>\n\n\n\n<p class=\"has-vivid-cyan-blue-color has-text-color has-link-color wp-elements-002ae6fc54b570c7269f08b70ecfeb14\"><em><strong><a href=\"https:\/\/sara.uma.es\/pls\/apex\/f?p=101:1:::::INICIO_LOV_TIPO_ESTUDIO,INICIO_LOV_CURSO_ACAD,INICIO_LOV_CENTROS,INICIO_LOV_TITULACIONES,INICIO_LOV_CICLOS,INICIO_LOV_CURSOS,INICIO_BUSCAR:4,2025,303,5239,1,1,\">Acceso Programaci\u00f3n Docente UMA. Informaci\u00f3n para Estudiantes <\/a><\/strong><\/em><\/p>\n\n\n\n<p class=\"has-vivid-cyan-blue-color has-text-color has-link-color has-medium-font-size wp-elements-6590903126f03abeba5d294a6bd6d9ca\"><em><strong>Asignaturas UMA. <\/strong><\/em><strong><em><a href=\"http:\/\/www.master-ingenieria-quimica.uma.es\/wp-content\/uploads\/2025\/07\/Programas-Asignaturas-del-MIQ-UMA.pdf\">Gu\u00edas Docentes<\/a> <\/em><\/strong><\/p>\n\n\n\n<p class=\"has-vivid-cyan-blue-color has-text-color has-link-color has-medium-font-size wp-elements-e351ded8b5c1d704b79bca56a86a2ab0\"><strong><em><a href=\"http:\/\/www.master-ingenieria-quimica.uma.es\/wp-content\/uploads\/2025\/07\/Guias-Docentes-Asignaturas-UAL-Curso-2025-2026.pdf\">Gu\u00edas Docentes Asignaturas Universidad de Almer\u00eda UAL<\/a><\/em><\/strong><\/p>\n\n\n\n<p class=\"has-vivid-cyan-blue-color has-text-color has-link-color has-medium-font-size wp-elements-80610ced33bc39e58709fa40be70b4b5\"><strong><em><a href=\"https:\/\/ciencias.uca.es\/master-interuniversitario-en-ingenieria-quimica-2\/\">Guias Docentes Asignaturas Universidad de C\u00e1diz UCA<\/a><\/em><\/strong><\/p>\n\n\n\n<pre class=\"wp-block-preformatted\"><\/pre>\n\n\n\n<hr class=\"wp-block-separator has-alpha-channel-opacity\"\/>\n\n\n\n<pre class=\"wp-block-preformatted\"><\/pre>\n\n\n\n<p class=\"has-vivid-cyan-blue-color has-text-color has-link-color has-large-font-size wp-elements-95fed3cbf96ca5c1138d061c326e99b8\"><em><strong>Asignaturas Curso 2024-2025<\/strong><\/em><\/p>\n\n\n\n<p class=\"has-luminous-vivid-orange-color has-text-color has-link-color has-medium-font-size wp-elements-c9f44c42942fb6b8299be58a926f1a37\"><em><strong><a href=\"https:\/\/www.uma.es\/servicio-ordenacion-academica\/cms\/menu\/programacion-docente\/\">Acceso Programaci\u00f3n Docente UMA. Informaci\u00f3n para Estudiantes <\/a><\/strong><\/em><\/p>\n\n\n\n<p class=\"has-cyan-bluish-gray-color has-text-color has-link-color has-large-font-size wp-elements-f9cf142952e66ef5b132604420880ce6\"><strong>UMA. <em>Gu\u00edas Docentes<\/em> <\/strong><\/p>\n\n\n\n<p class=\"has-black-color has-text-color has-link-color has-medium-font-size wp-elements-d5a90c130158323bf75ad786546847d2\"><strong><strong><a href=\"http:\/\/www.master-ingenieria-quimica.uma.es\/wp-content\/uploads\/2024\/07\/Guias-Asignaturas-Obligatorias-impartidas-por-la-UMA.pdf\">Asignaturas Obligatorias<\/a><\/strong><\/strong>.<\/p>\n\n\n\n<p class=\"has-black-color has-text-color has-link-color has-medium-font-size wp-elements-ca5a95611297bde4bea4c4a9d7537245\"><a href=\"http:\/\/www.master-ingenieria-quimica.uma.es\/wp-content\/uploads\/2024\/07\/Guias-Asignaturas-Optativas-impartidas-por-la-UMA.pdf\"><strong>Asignaturas Optativas y Optativas Teledocencia<\/strong>.<\/a><\/p>\n\n\n\n<p class=\"has-black-color has-text-color has-link-color has-medium-font-size wp-elements-cba229ac9069c79acb0add4426f6ed0b\"><a href=\"http:\/\/www.master-ingenieria-quimica.uma.es\/wp-content\/uploads\/2024\/07\/Guias-de-las-Asignaturas-Practicas-Curriculares-y-TFM.pdf\"><strong>Estancia en Empresas y TFM<\/strong>.<\/a><\/p>\n\n\n\n<p class=\"has-cyan-bluish-gray-color has-text-color has-link-color has-large-font-size wp-elements-bb336fc7f3a780b8b60b453a50004f47\"><strong>UCA. <em>Gu\u00edas Docentes<\/em><\/strong> <\/p>\n\n\n\n<p class=\"has-black-color has-text-color has-link-color has-medium-font-size wp-elements-6980aef50c89e435db33e8c674a52091\"><strong><a href=\"https:\/\/www.ual.es\/estudios\/masteres\/presentacion\/plandeestudios\/7080\">Asignaturas Obligatorias. <\/a><\/strong><\/p>\n\n\n\n<p class=\"has-black-color has-text-color has-link-color has-medium-font-size wp-elements-53e2a4e5dbb436facf3be762e19ecdb0\"><a href=\"https:\/\/www.ual.es\/estudios\/masteres\/presentacion\/plandeestudios\/7080\"><strong>Asignaturas Optativas y por teledocencia<\/strong>.<\/a><\/p>\n\n\n\n<p class=\"has-black-color has-text-color has-link-color has-medium-font-size wp-elements-9ea9de3557edab6b4469dff93e6affdc\"><\/p>\n\n\n\n<p class=\"has-cyan-bluish-gray-color has-text-color has-link-color has-large-font-size wp-elements-d8640abe20ee0392b731585b6dce720d\"><strong>UAL. <em>Gu\u00edas<\/em> <em>Docentes <\/em><\/strong><\/p>\n\n\n\n<p class=\"has-black-color has-text-color has-link-color has-medium-font-size wp-elements-74929e01e75510e1666d36ec18557d54\"><strong><a href=\"http:\/\/www.master-ingenieria-quimica.uma.es\/wp-content\/uploads\/2024\/07\/Guias-Asignaturas-OBLIGATORIAS-UAL-2024-2025.pdf\">Asignaturas Obligatorias.<\/a><\/strong><\/p>\n\n\n\n<p class=\"has-black-color has-text-color has-link-color has-medium-font-size wp-elements-e56d37d2c229b432aa07418a310b49be\"><strong><a href=\"http:\/\/www.master-ingenieria-quimica.uma.es\/wp-content\/uploads\/2024\/07\/Guias-Asignaturas-OPTATIVAS-UAL-2024-2025.zip\">Asignaturas Optativas y por teledocencia.<\/a><\/strong><\/p>\n\n\n\n<pre class=\"wp-block-preformatted has-medium-font-size\"><\/pre>\n\n\n\n<pre class=\"wp-block-preformatted\"><\/pre>\n\n\n\n<hr class=\"wp-block-separator has-alpha-channel-opacity\"\/>\n\n\n\n<p class=\"has-vivid-cyan-blue-color has-text-color has-large-font-size\"><em><strong>Asignaturas Curso 2023-2024<\/strong><\/em><\/p>\n\n\n<h2><a href=\"http:\/\/www.master-ingenieria-quimica.uma.es\/wp-content\/uploads\/2023\/07\/Guias-Docentes-Asignaturas-UMA-Curso-2022-2023-1.pdf\"><span style=\"color: #0000ff;\"><span style=\"color: #00ccff;\">Guias Docentes Asignaturas UMA Curso 2023-2024<\/span><\/span><\/a><\/h2>\n<h6><span style=\"color: #00ccff;\"><a style=\"color: #00ccff;\" href=\"http:\/\/www.master-ingenieria-quimica.uma.es\/wp-content\/uploads\/2023\/07\/1.-2023-2024-Guia-Docente-Direccion-y-Organizacion-de-Empresas-OBL-UMA.pdf\"><em><strong><span style=\"color: #000000;\">1.\u00a0 Direcci\u00f3n y Organizaci\u00f3n de Empresas <\/span><\/strong><\/em><\/a><\/span><\/h6>\n<h6><span style=\"color: #000000;\"><strong><em><a style=\"color: #000000;\" href=\"http:\/\/www.master-ingenieria-quimica.uma.es\/wp-content\/uploads\/2023\/07\/2.-2023-2024-Guia-Docente-Seguridad-y-Analisis-de-Riesgos-Industria-Quimica-OBL-UMA.pdf\">2. Seguridad y Analisis de Riesgos Industria Qu\u00edmica<\/a><\/em><\/strong><\/span><\/h6>\n<h6><span style=\"color: #000000;\"><strong><em><a style=\"color: #000000;\" href=\"http:\/\/www.master-ingenieria-quimica.uma.es\/wp-content\/uploads\/2023\/07\/3.-2023-2024-Guia-Docente-IDi-OBL-UMA.pdf\">3.\u00a0 I+D+i <\/a><\/em><\/strong><\/span><\/h6>\n<h6><span style=\"color: #000000;\"><strong><em><a style=\"color: #000000;\" href=\"http:\/\/www.master-ingenieria-quimica.uma.es\/wp-content\/uploads\/2023\/07\/4.-2023-2024-Guias-Docente-OPT-Teledocencia-UMA-Diseno-de-Redes-Intercambiadoras.pdf\">4. Dise\u00f1o de Redes Intercambiadoras<\/a><\/em><\/strong><\/span><\/h6>\n<h6><span style=\"color: #000000;\"><em><a style=\"color: #000000;\" href=\"http:\/\/www.master-ingenieria-quimica.uma.es\/wp-content\/uploads\/2023\/07\/5.-2023-2024-Guia-Docente-OPT-teledocencia-UMA-Diseno-Experimentos-en-Ingenieria-Quimica.pdf\"><strong>5. Dise\u00f1o Experimentos en Ingenier\u00eda Qu\u00edmica<\/strong><\/a><\/em><\/span><\/h6>\n<h6><span style=\"color: #000000;\"><a style=\"color: #000000;\" href=\"http:\/\/www.master-ingenieria-quimica.uma.es\/wp-content\/uploads\/2023\/07\/6.-2023-2024-Guia-Docente-OPT-UMA-Evaluacion-y-Rehabilitacion-Suelos-Contaminados.pdf\"><strong><em>6. Evaluaci\u00f3n y Rehabilitaci\u00f3n Suelos Contaminados<\/em><\/strong><\/a><\/span><\/h6>\n<h6><span style=\"color: #000000;\"><strong><em><a style=\"color: #000000;\" href=\"http:\/\/www.master-ingenieria-quimica.uma.es\/wp-content\/uploads\/2023\/07\/7.-2023-2024-Guia-Docente-OPT-UMA-Tecnologias-Aprovechamiento-Biomasa.pdf\">7. Tecnolog\u00edas Aprovechamiento Biomasa<\/a><\/em><\/strong><\/span><\/h6>\n<h6><span style=\"color: #000000;\"><strong><em><a style=\"color: #000000;\" href=\"http:\/\/www.master-ingenieria-quimica.uma.es\/wp-content\/uploads\/2023\/07\/8.-2023-2024-Guia-Docente-OPT-UMA-Tecnologias-de-Procesos-Cataliticos.pdf\">8. Tecnolog\u00edas de Procesos Catal\u00edticos<\/a><\/em><\/strong><\/span><\/h6>\n<h6><strong><em><a href=\"http:\/\/www.master-ingenieria-quimica.uma.es\/wp-content\/uploads\/2023\/07\/9.-2023-2024-Guia-Docente-OPT-UMA-Nuevas-Tendencias-en-el-Diseno-de-Procesos-NO-SE-IMAPRTE.pdf\"><span style=\"color: #000000;\">9. Nuevas Tendencias en el Dise\u00f1o de Procesos NO SE IMPARTE<\/span><\/a><\/em><\/strong><\/h6>\n<h6><strong><em><a href=\"http:\/\/www.master-ingenieria-quimica.uma.es\/wp-content\/uploads\/2023\/07\/10.-2023-2024-Guia-Docente-Gestion-de-la-Produccion-y-Sostenibilidad-OBL-UMA.pdf\"><span style=\"color: #000000;\">10. Gestion de la Producci\u00f3n y Sostenibilidad <\/span><\/a><\/em><\/strong><\/h6>\n<h6><span style=\"color: #000000;\"><strong><em><a style=\"color: #000000;\" href=\"http:\/\/www.master-ingenieria-quimica.uma.es\/wp-content\/uploads\/2023\/07\/11.-2023-2024-Guia-Docente-Estancia-en-Empresas-y-Centros-de-Investigacion.pdf\">11. Estancia en Empresas y Centros de Investigaci\u00f3n<\/a><\/em><\/strong><\/span><\/h6>\n<h6><span style=\"color: #000000;\"><strong><em><a style=\"color: #000000;\" href=\"http:\/\/www.master-ingenieria-quimica.uma.es\/wp-content\/uploads\/2023\/07\/12.-2023-2024-Guia-Docente-Trabajo-Fin-de-MASTER.pdf\">12. Trabajo Fin de MASTER<\/a><\/em><\/strong><\/span><\/h6>\n\n\n<p class=\"has-medium-font-size\"><strong>UCA <em>Gu\u00edas Docentes<\/em><\/strong> <a rel=\"noreferrer noopener\" href=\"http:\/\/www.master-ingenieria-quimica.uma.es\/wp-content\/uploads\/2023\/07\/Guias-FTA-SOCPQ-IBA-y-MIEB.pdf\" target=\"_blank\">Asignaturas Obligatorias y Optativas Teledocencia<\/a><\/p>\n\n\n\n<p class=\"has-medium-font-size\"><strong>UAL <em>Gu\u00edas<\/em> Docentes <\/strong><a rel=\"noreferrer noopener\" href=\"http:\/\/www.master-ingenieria-quimica.uma.es\/wp-content\/uploads\/2023\/07\/Guias-ADAOT-ADARQ-y-DPPQ.pdf\" target=\"_blank\">Asignaturas Obligatorias<\/a><\/p>\n\n\n\n<p class=\"has-medium-font-size\"><strong>UAL <em>Gu\u00edas <\/em>Docentes<\/strong> <a rel=\"noreferrer noopener\" href=\"http:\/\/www.master-ingenieria-quimica.uma.es\/wp-content\/uploads\/2023\/07\/Depuracion-de-Aguas-Energia-Solar-e-Ingenieria-Procesos-Biotecnologia-microalgas.pdf\" target=\"_blank\"><strong>Asignaturas Optativas Teledocencia<\/strong><\/a><\/p>\n\n\n\n<pre class=\"wp-block-preformatted\"><\/pre>\n\n\n\n<p class=\"has-black-color has-text-color has-medium-font-size\"><\/p>\n\n\n\n<hr class=\"wp-block-separator has-alpha-channel-opacity\"\/>\n\n\n\n<p class=\"has-vivid-cyan-blue-color has-text-color has-large-font-size\"><em><a href=\"https:\/\/ciencias.uca.es\/fichas-de-asignaturas-2021-22-master-interuniversitario-en-ingenieria-quimica\/\">Asignaturas Curso 2022-2023<\/a><\/em><\/p>\n\n\n\n<p class=\"has-medium-font-size\"><em><a rel=\"noreferrer noopener\" href=\"https:\/\/www.uma.es\/centers\/subjects_center\/facultad-de-ciencias\/5239\/\" target=\"_blank\">Gu\u00edas Docentes<\/a>-Fichas de las Asignaturas que se imparten por la UMA<\/em><\/p>\n\n\n\n<p class=\"has-medium-font-size\"><em><a href=\"https:\/\/ciencias.uca.es\/fichas-de-asignaturas-2022-23-master-interuniversitario-en-ingenieria-quimica\/\" target=\"_blank\" rel=\"noreferrer noopener\">Acceso Gu\u00edas Docentes UCA, UAL y UMA<\/a><\/em><\/p>\n\n\n\n<pre class=\"wp-block-preformatted\"><\/pre>\n\n\n\n<hr class=\"wp-block-separator has-alpha-channel-opacity\"\/>\n\n\n\n<p class=\"has-vivid-cyan-blue-color has-text-color has-large-font-size\"><em><a href=\"https:\/\/ciencias.uca.es\/fichas-de-asignaturas-2021-22-master-interuniversitario-en-ingenieria-quimica\/\">Asignaturas Curso 2021-2022<\/a><\/em><\/p>\n\n\n\n<p class=\"has-medium-font-size\"><em><a href=\"https:\/\/www.uma.es\/centers\/subjects_center\/facultad-de-ciencias\/5239\/\" target=\"_blank\" rel=\"noreferrer noopener\">Gu\u00edas Docentes<\/a>-Fichas de las Asignaturas que se imparten por la UMA<\/em><\/p>\n\n\n\n<pre class=\"wp-block-preformatted\"><\/pre>\n\n\n\n<hr class=\"wp-block-separator has-alpha-channel-opacity\"\/>\n\n\n\n<p class=\"has-vivid-cyan-blue-color has-text-color has-large-font-size\"><em><a href=\"https:\/\/ciencias.uca.es\/fichas-de-asignaturas-2020-21-master-interuniversitario-en-ingenieria-quimica\/\">Asignaturas Curso 2020-2021<\/a><\/em><\/p>\n\n\n\n<p class=\"has-medium-font-size\"><a rel=\"noreferrer noopener\" aria-label=\"Enlace Fichas de las Asignaturas que se imparten por la UMA (se abre en una nueva pesta\u00f1a)\" href=\"https:\/\/www.uma.es\/centers\/subjects_center\/facultad-de-ciencias\/5239\/\" target=\"_blank\"><em>Gu\u00edas Docentes-Fichas de las Asignaturas que se imparten por la UMA<\/em><\/a><\/p>\n\n\n\n<pre class=\"wp-block-preformatted\"><\/pre>\n\n\n\n<p class=\"has-vivid-cyan-blue-color has-text-color has-large-font-size\"><em><a href=\"https:\/\/bit.ly\/2ToLWmI\">A<\/a><\/em><em><a href=\"https:\/\/bit.ly\/2ToLWmI\">s<\/a><\/em><em><a href=\"https:\/\/bit.ly\/2ToLWmI\">i<\/a><\/em><em><a href=\"https:\/\/bit.ly\/2ToLWmI\">g<\/a><\/em><em><a href=\"https:\/\/bit.ly\/2ToLWmI\">n<\/a><\/em><em><a href=\"https:\/\/bit.ly\/2ToLWmI\">a<\/a><\/em><em><a href=\"https:\/\/bit.ly\/2ToLWmI\">t<\/a><\/em><em><a href=\"https:\/\/bit.ly\/2ToLWmI\">u<\/a><\/em><em><a href=\"https:\/\/bit.ly\/2ToLWmI\">r<\/a><\/em><em><a href=\"https:\/\/bit.ly\/2ToLWmI\">a<\/a><\/em><a href=\"https:\/\/bit.ly\/2ToLWmI\"><em>s<\/em><\/a><em><a href=\"https:\/\/bit.ly\/2ToLWmI\"> Curso 2019-2020<\/a><\/em><\/p>\n\n\n\n<p style=\"font-size:22px\"><em><a rel=\"noreferrer noopener\" aria-label=\"ADENDAS Fichas de las Asignaturas Curso 2019-2020 (se abre en una nueva pesta\u00f1a)\" href=\"https:\/\/fcc.uca.es\/web\/teledocencia\/pubDatos.php?titulacion=0266\" target=\"_blank\">ADENDAS de las Asignaturas Curso 2019-2020<\/a><\/em><\/p>\n","protected":false},"excerpt":{"rendered":"<p>Asignaturas Curso 2025-2026 Acceso Programaci\u00f3n Docente UMA. Informaci\u00f3n para Estudiantes Asignaturas UMA. Gu\u00edas Docentes Gu\u00edas Docentes Asignaturas Universidad de Almer\u00eda UAL Guias Docentes Asignaturas Universidad de C\u00e1diz UCA Asignaturas Curso 2024-2025 Acceso Programaci\u00f3n Docente UMA. Informaci\u00f3n para Estudiantes UMA. Gu\u00edas Docentes Asignaturas Obligatorias. Asignaturas Optativas y Optativas Teledocencia. Estancia en Empresas y TFM. UCA. Gu\u00edas [&hellip;]<\/p>\n","protected":false},"author":1,"featured_media":0,"parent":0,"menu_order":0,"comment_status":"closed","ping_status":"closed","template":"","meta":{"footnotes":""},"class_list":["post-471","page","type-page","status-publish","hentry"],"_links":{"self":[{"href":"https:\/\/www.master-ingenieria-quimica.uma.es\/index.php\/wp-json\/wp\/v2\/pages\/471","targetHints":{"allow":["GET"]}}],"collection":[{"href":"https:\/\/www.master-ingenieria-quimica.uma.es\/index.php\/wp-json\/wp\/v2\/pages"}],"about":[{"href":"https:\/\/www.master-ingenieria-quimica.uma.es\/index.php\/wp-json\/wp\/v2\/types\/page"}],"author":[{"embeddable":true,"href":"https:\/\/www.master-ingenieria-quimica.uma.es\/index.php\/wp-json\/wp\/v2\/users\/1"}],"replies":[{"embeddable":true,"href":"https:\/\/www.master-ingenieria-quimica.uma.es\/index.php\/wp-json\/wp\/v2\/comments?post=471"}],"version-history":[{"count":0,"href":"https:\/\/www.master-ingenieria-quimica.uma.es\/index.php\/wp-json\/wp\/v2\/pages\/471\/revisions"}],"wp:attachment":[{"href":"https:\/\/www.master-ingenieria-quimica.uma.es\/index.php\/wp-json\/wp\/v2\/media?parent=471"}],"curies":[{"name":"wp","href":"https:\/\/api.w.org\/{rel}","templated":true}]}}