{"id":475,"date":"2020-03-05T18:45:20","date_gmt":"2020-03-05T17:45:20","guid":{"rendered":"http:\/\/www.master-ingenieria-quimica.uma.es\/?page_id=475"},"modified":"2025-02-18T11:01:33","modified_gmt":"2025-02-18T10:01:33","slug":"enlaces-de-interes","status":"publish","type":"page","link":"https:\/\/www.master-ingenieria-quimica.uma.es\/index.php\/enlaces-de-interes\/","title":{"rendered":"Enlaces de Inter\u00e9s"},"content":{"rendered":"\n<pre class=\"wp-block-preformatted\"><\/pre>\n\n\n\n<p class=\"has-text-align-center\"><img loading=\"lazy\" decoding=\"async\" width=\"45\" height=\"33\" class=\"wp-image-1025\" style=\"width: 45px;\" src=\"http:\/\/www.master-ingenieria-quimica.uma.es\/wp-content\/uploads\/2023\/11\/mail-to-1.jpg\" alt=\"\">  <strong><a href=\"mailto:miquma@uma.es\" target=\"_blank\" rel=\"noreferrer noopener\">miquma@uma.es<\/a><\/strong><\/p>\n\n\n\n<p class=\"has-text-align-center\"><a href=\"https:\/\/www.uma.es\/master-en-ingenieria-quimica\/\">M\u00e1ster de Ingenier\u00eda Qu\u00edmica . Universidad de M\u00e1laga<\/a><\/p>\n\n\n\n<p><\/p>\n\n\n\n<hr class=\"wp-block-separator has-alpha-channel-opacity\"\/>\n\n\n\n<pre class=\"wp-block-preformatted\"><\/pre>\n\n\n<figure class=\"wp-block-image aligncenter size-full is-resized\"><a href=\"https:\/\/twitter.com\/i\/status\/1502241594015113220\"><img loading=\"lazy\" decoding=\"async\" width=\"600\" height=\"200\" class=\"wp-image-823\" style=\"width: 818px; height: 273px;\" src=\"https:\/\/www.master-ingenieria-quimica.uma.es\/wp-content\/uploads\/2022\/03\/50-Aniversario-UMA.jpg\" alt=\"\" \/><\/a><\/figure>\n\n\n<pre class=\"wp-block-preformatted\"><\/pre>\n\n\n<div class=\"wp-block-image\">\n<figure class=\"alignright size-full\"><img loading=\"lazy\" decoding=\"async\" width=\"346\" height=\"94\" src=\"https:\/\/www.master-ingenieria-quimica.uma.es\/wp-content\/uploads\/2022\/10\/50-anos-UMA.jpg\" alt=\"\" class=\"wp-image-908\"\/><\/figure>\n<\/div>\n\n\n<p class=\"has-text-align-left\"><strong>INDICADORES del MIQ-UMA<\/strong> <\/p>\n\n\n\n<p class=\"has-text-align-left\"><a rel=\"noreferrer noopener\" href=\"http:\/\/shorturl.at\/TZ689\" target=\"_blank\">http:\/\/shorturl.at\/TZ689<\/a> <\/p>\n\n\n\n<pre class=\"wp-block-preformatted\"><\/pre>\n\n\n\n<hr class=\"wp-block-separator has-alpha-channel-opacity\"\/>\n\n\n\n<p class=\"has-light-green-cyan-color has-text-color has-large-font-size\"><strong>MEMORIAS Departamento Ingenier\u00eda Qu\u00edmica<\/strong> <\/p>\n\n\n\n<p class=\"has-vivid-red-color has-text-color has-large-font-size\"><strong><a href=\"https:\/\/www.uma.es\/departamento-de-ingenieria-quimica\/navegador_de_ficheros\/Memoria_Dpto\/descargar\/Memoria%20DIQUMA%2021-22.pdf\" target=\"_blank\" rel=\"noreferrer noopener\">2022-2023<\/a><\/strong><\/p>\n\n\n\n<p class=\"has-vivid-red-color has-text-color has-large-font-size\"><strong><a href=\"https:\/\/www.uma.es\/departamento-de-ingenieria-quimica\/navegador_de_ficheros\/Memoria_Dpto\/descargar\/Memoria_DIQUMA_20_21.pdf\" target=\"_blank\" rel=\"noreferrer noopener\">2020-2021<\/a><\/strong><\/p>\n\n\n\n<pre class=\"wp-block-preformatted\"><\/pre>\n\n\n\n<hr class=\"wp-block-separator has-alpha-channel-opacity\"\/>\n\n\n\n<div class=\"wp-block-columns are-vertically-aligned-bottom is-layout-flex wp-container-core-columns-is-layout-9d6595d7 wp-block-columns-is-layout-flex\">\n<div class=\"wp-block-column is-vertically-aligned-bottom is-layout-flow wp-block-column-is-layout-flow\" style=\"flex-basis:100%\"><div class=\"wp-block-image\">\n<figure class=\"alignleft is-resized\"><img decoding=\"async\" src=\"https:\/\/icheme-images.azureedge.net\/\/Content\/img\/header\/icheme-header-logo.png\" alt=\"web site : IChemE\" style=\"width:510px;height:92px\"\/><figcaption class=\"wp-element-caption\"><a href=\"https:\/\/www.icheme.org\/\" data-type=\"URL\" data-id=\"https:\/\/www.icheme.org\/\" target=\"_blank\" rel=\"noreferrer noopener\">https:\/\/www.icheme.org\/<\/a><\/figcaption><\/figure>\n<\/div><\/div>\n<\/div>\n\n\n\n<hr class=\"wp-block-separator has-alpha-channel-opacity\"\/>\n\n\n\n<pre class=\"wp-block-preformatted\"><\/pre>\n\n\n\n<div class=\"wp-block-columns are-vertically-aligned-center is-layout-flex wp-container-core-columns-is-layout-9d6595d7 wp-block-columns-is-layout-flex\">\n<div class=\"wp-block-column is-vertically-aligned-center is-layout-flow wp-block-column-is-layout-flow\" style=\"flex-basis:100%\"><div class=\"wp-block-image\">\n<figure class=\"alignleft size-full is-resized\"><a href=\"https:\/\/www.emagister.com\/master-oficial\/master-oficial-ingenieria-quimica-kwes-9454.htm\"><img loading=\"lazy\" decoding=\"async\" width=\"2790\" height=\"325\" src=\"https:\/\/www.master-ingenieria-quimica.uma.es\/wp-content\/uploads\/2021\/09\/emagister-1.png\" alt=\"\" class=\"wp-image-773\" style=\"width:1153px;height:133px\"\/><\/a><figcaption class=\"wp-element-caption\">Informaci\u00f3n de <a rel=\"noreferrer noopener\" href=\"https:\/\/www.emagister.com\/master-oficial\/master-oficial-ingenieria-quimica-kwes-9454.htm\" target=\"_blank\">M\u00e1steres en Ingenier\u00eda Qu\u00edmica<\/a><\/figcaption><\/figure>\n<\/div>\n\n\n<pre class=\"wp-block-preformatted\"><\/pre>\n\n\n\n<pre class=\"wp-block-preformatted\"><\/pre>\n<\/div>\n<\/div>\n\n\n\n<pre class=\"wp-block-preformatted\"><\/pre>\n\n\n\n<div class=\"wp-block-columns is-layout-flex wp-container-core-columns-is-layout-9d6595d7 wp-block-columns-is-layout-flex\">\n<div class=\"wp-block-column is-layout-flow wp-block-column-is-layout-flow\" style=\"flex-basis:100%\">\n<div class=\"wp-block-group\"><div class=\"wp-block-group__inner-container is-layout-flow wp-block-group-is-layout-flow\"><div class=\"wp-block-image\">\n<figure class=\"alignleft size-full is-resized\"><img loading=\"lazy\" decoding=\"async\" width=\"251\" height=\"56\" src=\"https:\/\/www.master-ingenieria-quimica.uma.es\/wp-content\/uploads\/2021\/09\/Talentalk-UMA.png\" alt=\"\" class=\"wp-image-776\" style=\"width:261px;height:58px\"\/><\/figure>\n<\/div>\n\n\n<div class=\"wp-block-columns are-vertically-aligned-center is-layout-flex wp-container-core-columns-is-layout-9d6595d7 wp-block-columns-is-layout-flex\">\n<div class=\"wp-block-column is-vertically-aligned-center is-layout-flow wp-block-column-is-layout-flow\" style=\"flex-basis:100%\"><div class=\"wp-block-image\">\n<figure class=\"alignleft size-full is-resized\"><a href=\"http:\/\/talentank.uma.es\/practicas\/\"><img loading=\"lazy\" decoding=\"async\" width=\"686\" height=\"86\" src=\"https:\/\/www.master-ingenieria-quimica.uma.es\/wp-content\/uploads\/2021\/09\/Practicas-en-Empresas.png\" alt=\"\" class=\"wp-image-774\" style=\"width:895px;height:112px\"\/><\/a><figcaption class=\"wp-element-caption\"><a rel=\"noreferrer noopener\" href=\"http:\/\/talentank.uma.es\/practicas\/\" target=\"_blank\">http:\/\/talentank.uma.es\/practicas\/<\/a><\/figcaption><\/figure>\n<\/div><\/div>\n<\/div>\n<\/div><\/div>\n<\/div>\n<\/div>\n\n\n\n<hr class=\"wp-block-separator has-alpha-channel-opacity\"\/>\n\n\n\n<div class=\"wp-block-group\"><div class=\"wp-block-group__inner-container is-layout-flow wp-block-group-is-layout-flow\">\n<p class=\"has-medium-font-size\"><a href=\"https:\/\/www.uma.es\/secretariageneral\/newsecgen\/index.php?option=com_content&amp;view=article&amp;id=944:reglamento-sobre-practicas-externas-de-la-universidad-de-malaga&amp;catid=20&amp;Itemid=124\">Reglamento Universidad de M\u00e1laga<\/a>  <\/p>\n\n\n\n<p class=\"has-medium-font-size\"><strong><a href=\"https:\/\/www.uma.es\/secretariageneral\/normativa\/propia\/consejo\/Febrero_2022\/Anexo01bis.pdf\" data-type=\"link\" data-id=\"https:\/\/www.uma.es\/secretariageneral\/normativa\/propia\/consejo\/Febrero_2022\/Anexo01bis.pdf\">Pr\u00e1cticas EXTERNAS<\/a><\/strong><a href=\"http:\/\/Reglamento 4\/2020, de 29 de octubre, de la Universidad de M\u00e1laga, sobre pr\u00e1cticas externas\"><strong> UMA<\/strong><\/a> (<a href=\"https:\/\/ciencias.uca.es\/practicas-externas-2\/\" data-type=\"link\" data-id=\"https:\/\/ciencias.uca.es\/practicas-externas-2\/\">enlace a UCA<\/a>) <\/p>\n\n\n\n<p class=\"has-medium-font-size\">Pr\u00e1cticas <em><a href=\"http:\/\/factor-e.uma.es\/index.php\/p-alumnos\/\"><strong>Curriculares<\/strong><\/a><\/em> y <a href=\"https:\/\/www.uma.es\/practicas\/info\/59449\/practicas-extracurriculares\/\"><strong><em>Extracurriculares<\/em><\/strong><\/a><\/p>\n\n\n\n<p class=\"has-medium-font-size\"><a href=\"https:\/\/talentank.uma.es\/entidades-colaboradoras\/\" data-type=\"link\" data-id=\"https:\/\/talentank.uma.es\/entidades-colaboradoras\/\"><strong style=\"font-style: italic;\">Empresas Colaboradoras con<\/strong> <em><strong>la UMA <\/strong><\/em><\/a><\/p>\n<\/div><\/div>\n\n\n\n<pre class=\"wp-block-preformatted\"><\/pre>\n\n\n\n<p class=\"has-medium-font-size\"><strong>Servicio de Empleabilidad y Emprendimiento<\/strong> <em><a href=\"https:\/\/bit.ly\/2VOgXlK\"><strong>ICARO<\/strong><\/a><\/em><\/p>\n\n\n\n<p class=\"has-medium-font-size\"><strong>Empleabilidad en la UMA <em><a href=\"https:\/\/bit.ly\/32Qxlnc\">e2factor<\/a><\/em><\/strong><\/p>\n\n\n\n<div class=\"wp-block-group\"><div class=\"wp-block-group__inner-container is-layout-flow wp-block-group-is-layout-flow\">\n<p class=\"has-medium-font-size\">Convocatoria Becas para <strong>Pr\u00e1cticas Externas Curriculares en el extranjero <\/strong>de los M\u00e1steres universitarios de la Universidad de M\u00e1laga, correspondiente a la acci\u00f3n sectorial 133 del I Plan Propio Integral de Docencia. En el siguiente enlace puede encontrar dicha convocatoria:<\/p>\n\n\n\n<p class=\"has-medium-font-size\"><a href=\"https:\/\/www.uma.es\/secretariageneral\/secgenfiles\/Boletin\/Convocatorias\/20200127_3012.pdf\">https:\/\/www.uma.es\/secretariageneral\/secgenfiles\/Boletin\/Convocatorias\/20200127_3012.pdf<\/a><\/p>\n<\/div><\/div>\n\n\n\n<p class=\"has-medium-font-size\"><a href=\"https:\/\/bit.ly\/2VOzu12\"><strong>Relaciones Internacionales y Cooperaci\u00f3<\/strong>n<\/a>  de la UMA<\/p>\n\n\n\n<pre class=\"wp-block-preformatted\"><\/pre>\n\n\n\n<p class=\"has-medium-font-size\"><strong>MIQ- Universidad de C\u00e1diz <\/strong><em><a rel=\"noreferrer noopener\" aria-label=\"UCA (se abre en una nueva pesta\u00f1a)\" href=\"https:\/\/ciencias.uca.es\/master-interuniversitario-en-ingenieria-quimica-2\/\" target=\"_blank\"><strong>UCA<\/strong><\/a><\/em><\/p>\n\n\n\n<hr class=\"wp-block-separator has-alpha-channel-opacity\"\/>\n\n\n\n<p class=\"has-medium-font-size\"><strong>MIQ- Universidad de Almer\u00eda<\/strong> <em><a href=\"https:\/\/www.ual.es\/estudios\/masteres\/presentacion\/7080\" target=\"_blank\" rel=\"noreferrer noopener\"><strong>UAL<\/strong><\/a><\/em><\/p>\n\n\n\n<pre class=\"wp-block-preformatted\"><\/pre>\n","protected":false},"excerpt":{"rendered":"<p>miquma@uma.es M\u00e1ster de Ingenier\u00eda Qu\u00edmica . Universidad de M\u00e1laga INDICADORES del MIQ-UMA http:\/\/shorturl.at\/TZ689 MEMORIAS Departamento Ingenier\u00eda Qu\u00edmica 2022-2023 2020-2021 Reglamento Universidad de M\u00e1laga Pr\u00e1cticas EXTERNAS UMA (enlace a UCA) Pr\u00e1cticas Curriculares y Extracurriculares Empresas Colaboradoras con la UMA Servicio de Empleabilidad y Emprendimiento ICARO Empleabilidad en la UMA e2factor Convocatoria Becas para Pr\u00e1cticas Externas Curriculares [&hellip;]<\/p>\n","protected":false},"author":1,"featured_media":307,"parent":0,"menu_order":0,"comment_status":"closed","ping_status":"closed","template":"","meta":{"footnotes":""},"class_list":["post-475","page","type-page","status-publish","has-post-thumbnail","hentry"],"_links":{"self":[{"href":"https:\/\/www.master-ingenieria-quimica.uma.es\/index.php\/wp-json\/wp\/v2\/pages\/475","targetHints":{"allow":["GET"]}}],"collection":[{"href":"https:\/\/www.master-ingenieria-quimica.uma.es\/index.php\/wp-json\/wp\/v2\/pages"}],"about":[{"href":"https:\/\/www.master-ingenieria-quimica.uma.es\/index.php\/wp-json\/wp\/v2\/types\/page"}],"author":[{"embeddable":true,"href":"https:\/\/www.master-ingenieria-quimica.uma.es\/index.php\/wp-json\/wp\/v2\/users\/1"}],"replies":[{"embeddable":true,"href":"https:\/\/www.master-ingenieria-quimica.uma.es\/index.php\/wp-json\/wp\/v2\/comments?post=475"}],"version-history":[{"count":0,"href":"https:\/\/www.master-ingenieria-quimica.uma.es\/index.php\/wp-json\/wp\/v2\/pages\/475\/revisions"}],"wp:featuredmedia":[{"embeddable":true,"href":"https:\/\/www.master-ingenieria-quimica.uma.es\/index.php\/wp-json\/wp\/v2\/media\/307"}],"wp:attachment":[{"href":"https:\/\/www.master-ingenieria-quimica.uma.es\/index.php\/wp-json\/wp\/v2\/media?parent=475"}],"curies":[{"name":"wp","href":"https:\/\/api.w.org\/{rel}","templated":true}]}}