{"id":90,"date":"2016-12-07T10:27:55","date_gmt":"2016-12-07T10:27:55","guid":{"rendered":"http:\/\/www.master-ingenieria-quimica.uma.es\/?page_id=90"},"modified":"2021-08-30T09:34:19","modified_gmt":"2021-08-30T07:34:19","slug":"descripcion-del-titulo","status":"publish","type":"page","link":"https:\/\/www.master-ingenieria-quimica.uma.es\/index.php\/descripcion-del-titulo\/","title":{"rendered":"Descripci\u00f3n del T\u00edtulo MIQ"},"content":{"rendered":"\n<pre class=\"wp-block-preformatted\"><\/pre>\n\n\n<p><strong>Rama de conocimiento <\/strong>\u00a0Ingenier\u00eda y Arquitectura<br \/><strong>Denominaci\u00f3n <\/strong>\u00a0M\u00e1ster Interuniversitario en Ingenier\u00eda Qu\u00edmica<br \/><strong>C\u00f3digo RUCT<\/strong> (Registro de Universidades, Centros y T\u00edtulos): <a href=\"https:\/\/www.educacion.gob.es\/ruct\/estudio.action?codigoCiclo=SC&amp;codigoTipo=M&amp;CodigoEstudio=4315083&amp;actual=estudios\">4315083<\/a><br \/><strong>Publicaci\u00f3n en BOE \/ BOJA <\/strong>\u00a0<em><a href=\"http:\/\/www.juntadeandalucia.es\/eboja\/2014\/138\/BOJA14-138-00135-12479-01_00051846.pdf\">BOE 30\/01\/2015; BOJA 17\/07\/2014 <\/a><\/em><br \/><strong>Universidad coordinadora <\/strong>\u00a0Universidad de C\u00e1diz<br \/><strong>Universidades participantes <\/strong>\u00a0<a href=\"https:\/\/cms.ual.es\/UAL\/estudios\/masteres\/MASTER7080\">Universidad de Almer\u00eda<\/a>; \u00a0<a href=\"https:\/\/ciencias.uca.es\/master-interuniversitario-en-ingenieria-quimica-2\/\">Universidad de C\u00e1diz<\/a>; Universidad de M\u00e1laga<br \/><strong>Modalidad de impartici\u00f3n<\/strong>\u00a0presencial<br \/><strong>Cr\u00e9ditos requeridos y duraci\u00f3n<\/strong>\u00a090 cr\u00e9ditos en 2 cursos acad\u00e9micos (60\/30 cr\u00e9ditos curso)<br \/><strong>Centro responsable UMA <\/strong>\u00a0<a href=\"https:\/\/www.uma.es\/facultad-de-ciencias\/\">Facultad de Ciencias<\/a><\/p>\n<p><strong>Lugar de impartici\u00f3n UMA <\/strong>\u00a0Facultad de Ciencias (<a href=\"https:\/\/www.uma.es\/centros-listado\/info\/12140\/aulario-severo-ochoa\/\">Aulario Severo Ochoa<\/a>)<br \/><strong>N\u00famero de plazas ofertadas <\/strong>\u00a030<br \/><strong>N\u00ba m\u00ednimo de inscritos para impartici\u00f3n m\u00e1ster o especialidad <\/strong>\u00a05<br \/><strong>Idioma(s) en que se imparte <\/strong>\u00a0Espa\u00f1ol<br \/><strong>Curso acad\u00e9mico de implantaci\u00f3n <\/strong>\u00a02014\/15<\/p>\n<p><strong>*Hist\u00f3rico de Incidencias del Plan de Estudios<\/strong> <a href=\"https:\/\/www.educacion.gob.es\/ruct\/estudiocentro.action?codigoCiclo=SC&amp;codigoEstudio=4315083&amp;actual=estudios\">(enlace)<\/a><\/p>\n<h2>Contactar<\/h2>\n<p><strong>Coordinador UMA <\/strong>\u00a0Dr. D. Luis J. Alemany Arrebola<br \/><strong>Correo electr\u00f3nico <\/strong>\u00a0<a href=\"mailto:luijo@uma.es\">luijo@uma.es<\/a><br \/><a href=\"https:\/\/www.uma.es\/departamento-de-ingenieria-quimica\/\">Departamento de Ingenier\u00eda Qu\u00edmica<\/a>. Facultad de Ciencias. UMA<\/p>\n\n\n<figure class=\"wp-block-gallery aligncenter columns-1 is-cropped wp-block-gallery-1 is-layout-flex wp-block-gallery-is-layout-flex\"><ul class=\"blocks-gallery-grid\"><li class=\"blocks-gallery-item\"><figure><img loading=\"lazy\" decoding=\"async\" width=\"800\" height=\"515\" src=\"https:\/\/www.master-ingenieria-quimica.uma.es\/wp-content\/uploads\/2021\/04\/800px-Aulario_Severo_Ochoa_UMA.jpg\" alt=\"\" data-id=\"682\" data-link=\"https:\/\/www.master-ingenieria-quimica.uma.es\/index.php\/descripcion-del-titulo\/800px-aulario_severo_ochoa_uma\/\" class=\"wp-image-682\"\/><\/figure><\/li><\/ul><\/figure>\n","protected":false},"excerpt":{"rendered":"<p>Rama de conocimiento \u00a0Ingenier\u00eda y ArquitecturaDenominaci\u00f3n \u00a0M\u00e1ster Interuniversitario en Ingenier\u00eda Qu\u00edmicaC\u00f3digo RUCT (Registro de Universidades, Centros y T\u00edtulos): 4315083Publicaci\u00f3n en BOE \/ BOJA \u00a0BOE 30\/01\/2015; BOJA 17\/07\/2014 Universidad coordinadora \u00a0Universidad de C\u00e1dizUniversidades participantes \u00a0Universidad de Almer\u00eda; \u00a0Universidad de C\u00e1diz; Universidad de M\u00e1lagaModalidad de impartici\u00f3n\u00a0presencialCr\u00e9ditos requeridos y duraci\u00f3n\u00a090 cr\u00e9ditos en 2 cursos acad\u00e9micos (60\/30 cr\u00e9ditos curso)Centro [&hellip;]<\/p>\n","protected":false},"author":1,"featured_media":394,"parent":0,"menu_order":0,"comment_status":"closed","ping_status":"closed","template":"","meta":{"footnotes":""},"class_list":["post-90","page","type-page","status-publish","has-post-thumbnail","hentry"],"_links":{"self":[{"href":"https:\/\/www.master-ingenieria-quimica.uma.es\/index.php\/wp-json\/wp\/v2\/pages\/90","targetHints":{"allow":["GET"]}}],"collection":[{"href":"https:\/\/www.master-ingenieria-quimica.uma.es\/index.php\/wp-json\/wp\/v2\/pages"}],"about":[{"href":"https:\/\/www.master-ingenieria-quimica.uma.es\/index.php\/wp-json\/wp\/v2\/types\/page"}],"author":[{"embeddable":true,"href":"https:\/\/www.master-ingenieria-quimica.uma.es\/index.php\/wp-json\/wp\/v2\/users\/1"}],"replies":[{"embeddable":true,"href":"https:\/\/www.master-ingenieria-quimica.uma.es\/index.php\/wp-json\/wp\/v2\/comments?post=90"}],"version-history":[{"count":0,"href":"https:\/\/www.master-ingenieria-quimica.uma.es\/index.php\/wp-json\/wp\/v2\/pages\/90\/revisions"}],"wp:featuredmedia":[{"embeddable":true,"href":"https:\/\/www.master-ingenieria-quimica.uma.es\/index.php\/wp-json\/wp\/v2\/media\/394"}],"wp:attachment":[{"href":"https:\/\/www.master-ingenieria-quimica.uma.es\/index.php\/wp-json\/wp\/v2\/media?parent=90"}],"curies":[{"name":"wp","href":"https:\/\/api.w.org\/{rel}","templated":true}]}}